h) = h**2 - 4*h + 43. Let m be t(0). What is the highest common divisor of 387 and m?
43
Let h(u) = -u**3 + 6*u**2 - 6*u + 8. Let o be h(5). Calculate the highest common divisor of 78 and o.
3
Let l = -12 + -41. Let q = 57 + l. Let j = 21 - 15. What is the greatest common factor of q and j?
2
Let i(b) = b**3 - 5*b**2 - 16*b + 9. Let c be i(7). Let l be -53*(-1 + -1 + 6 + c). What is the highest common factor of l and 371?
53
Let z be 21 + -7 + 6 + 1. What is the highest common factor of 56 and z?
7
Suppose 63 = 11*f - 25. What is the highest common factor of 100 and f?
4
Let n = -72 + 102. Let c = -111 - -75. Let x be c*(-1 + 3/(-12)). What is the greatest common divisor of n and x?
15
Suppose -24 = 2*p + 3*b - 89, -3*p = -2*b - 65. Suppose 0 = 12*l + p - 73. Calculate the greatest common factor of l and 1.
1
Let o be ((-12)/10)/3*-25. Let m be 28/3 - 12/9. Let x = m + -6. Calculate the greatest common divisor of x and o.
2
Let r be 3/(33/20) - (-14)/77. Let g = r - -42. What is the highest common divisor of 4 and g?
4
Suppose 4*p + 21 - 65 = -4*b, -b + p = -7. Let f be 5 + 240/(-50) - 359/(-5). What is the greatest common divisor of f and b?
9
Suppose t + 3*l - 167 = 6*l, -t + 2*l = -170. What is the greatest common divisor of 11 and t?
11
Let j be (-3192)/36*(-2 - (-34)/(-4)). What is the greatest common factor of j and 266?
133
Let l be (6/(-8))/(1/(-48)). Suppose -4*q + z = -2*q - 4, 3*q - 3*z = 0. What is the highest common factor of q and l?
4
Let n(t) = t**3 + 4*t**2 + 2*t + 1. Let z be n(-3). Suppose -2 = -z*o + 6*o, -3*o - 303 = -3*d. Calculate the greatest common factor of d and 40.
20
Let q = 249 - 331. Let h = q - -97. Let f = 13 + -7. Calculate the highest common divisor of h and f.
3
Let k = -615 + 642. Calculate the greatest common factor of 15 and k.
3
Let w be -5 - (-105 + (-2 - 0)). What is the greatest common factor of 255 and w?
51
Let k(g) = -2*g**2 - 69*g - 43. Let w be k(-33). Calculate the greatest common factor of w and 616.
56
Suppose i = -5*c + 32, 1 - 6 = c + 4*i. What is the highest common divisor of 14 and c?
7
Let l be 4/14 + (80/112 - -23). Calculate the greatest common factor of l and 2136.
24
Let y(r) = 3*r + 1 - 768*r**3 - 2 - 4*r + 2*r**2 + 726*r**3. Let d be y(-1). What is the highest common factor of d and 4?
4
Suppose -4*f + 330 = f - x, 4*x = -4*f + 240. Let t = 142 + -103. What is the highest common divisor of t and f?
13
Let m(x) = x**2 - 46*x - 330. Let n be m(54). Calculate the highest common divisor of 1122 and n.
102
Let u = 102 - 30. Calculate the greatest common divisor of u and 18.
18
Let t(k) = -k**2 + 5*k + 6. Suppose 5*l - 4 - 21 = 0. Let a be t(l). Suppose 80*d = 55*d + 225. What is the highest common divisor of a and d?
3
Let g(t) = 3*t**2 - 24*t + 6. Let a be ((-5)/20*4)/((-1)/8). Let v be g(a). What is the highest common factor of 30 and v?
6
Let n be 48/4 - (-6 + 1 + 1). Let p(r) = r**2 - 11*r + 30. Let o be p(n). Calculate the highest common factor of 22 and o.
22
Suppose -3*q - 3*k = 38 - 2, -3*q - 5*k - 40 = 0. Let n = q - -15. Suppose 0 = -s + n, 4*j + s + s - 442 = 0. Calculate the greatest common factor of j and 36.
36
Let k(l) = l - 3. Let p be k(5). Suppose 45 = 5*x - 5*t, 3*x - p*t = -7*t + 67. Let c be 112/1 - 0/1. Calculate the greatest common factor of c and x.
14
Let r be (1 + 14/(-6))*-24. Let c be 8/((-1)/4*-2). Suppose -l = -2*l + c. What is the greatest common divisor of l and r?
16
Let f(t) = t**3 + 13*t**2 + 19*t + 12. Let j be f(-12). Let d = -54 - j. Let c = -363 + 561. Calculate the greatest common divisor of d and c.
18
Let r be (35/20)/((-1)/(-4)). Suppose 2*y + r = 15. Suppose 0 = j - 2, -3*h + y*j + 992 = 2*h. What is the greatest common factor of 25 and h?
25
Let f be 1484/13 + 6 - 12/78. Calculate the greatest common divisor of f and 100.
20
Suppose 495 = -i + 6*i. Suppose 2*j - 7 = 4*v + 1, 2*v = -5*j - 16. Let g = v + 14. What is the greatest common divisor of i and g?
11
Let d = 11 + -19. Let b be (-2)/d + (30/8)/5. What is the highest common factor of b and 1?
1
Suppose 3*k - p = 7*k - 10501, 10516 = 4*k + 4*p. What is the highest common factor of k and 41?
41
Let a = -27 + 111. Calculate the greatest common divisor of a and 12.
12
Let q be (-16)/(-24)*-6 - -202. Suppose -5*j + 39 = 3*o, 2*j + 11 = 5. Calculate the greatest common divisor of q and o.
18
Let o = 7 - -14. Let n = -18806 - -19079. What is the highest common factor of n and o?
21
Suppose 2*f + m - 6 = f, f - 2*m = -6. Let o be 162/(-12) - (-3)/f. Let i be (o/8)/((-3)/148). Calculate the highest common divisor of 185 and i.
37
Suppose -18 - 40 = -2*y. Suppose -y = -3*o - 4*m + 47, -4*m + 52 = 2*o. Calculate the greatest common divisor of 3 and o.
3
Let i be (-2)/(2/9)*-11. Let j = 24 + -24. Suppose 4*t + 14 - 58 = j. What is the highest common divisor of i and t?
11
Let f(t) = -t**3 - t**2 + 8*t + 3. Let k be f(-4). Suppose k*u = 13*u + 132. What is the highest common factor of 22 and u?
22
Let k = -1972 - -1996. Suppose r - 4 - 4 = 0. What is the greatest common divisor of r and k?
8
Let s(l) = -2*l**3 - l**2 - l. Let d be s(-2). Let y be 694/14 - (-1 + (-16)/(-28)). Let k = -29 + y. Calculate the greatest common factor of d and k.
7
Let o(c) = -c**2 + 8*c + 24. Let l be o(8). Calculate the greatest common factor of l and 408.
24
Suppose 0 = x + 5*x - 30. Suppose -x*b - 3*j + 77 = -j, 41 = 3*b - 4*j. Let p = -13 + b. What is the greatest common divisor of 16 and p?
2
Let p be 7 + (-4)/(-2) - -7. What is the highest common factor of 4 and p?
4
Let u(f) = -f + 18. Let w be 8/1*6/(-8)*-1. Let g be u(w). Calculate the greatest common factor of 132 and g.
12
Let g = 18 - 13. Suppose g*r + 2*s - 573 = 0, -570 = 2*r - 7*r - 5*s. Let q be 5*(2 - (-108)/15). What is the highest common divisor of r and q?
23
Let s = 496 + -716. Let j = s + 339. Suppose -5*t + 4*z + z = -70, 0 = z - 3. What is the greatest common divisor of j and t?
17
Suppose 0 = 3*d - 29*b + 25*b - 124, 140 = 4*d + b. Let o be -1*7/((-7)/144). What is the greatest common divisor of o and d?
36
Suppose 260 = 3*y + 4*t + 48, 2*t = -2. Calculate the highest common divisor of 168 and y.
24
Suppose 2*o - 2*m - 25 = o, -4*m - 20 = 0. Let g be 5*20/6*o/10. What is the greatest common factor of g and 100?
25
Let v(p) = p - 8. Let j be v(15). Suppose n - j = -3*w - 3, 5*n - w = -12. Let i be (2 + (-903)/6)*n. What is the greatest common factor of 27 and i?
27
Suppose 5*c - 234 = -104. Let b = -235 - -396. Suppose -2*w + 3*k = 5*k - 68, 4*w = k + b. Calculate the highest common factor of w and c.
13
Suppose -3*f - 5*i = 84 - 291, 2*f - 3*i = 138. What is the greatest common divisor of f and 759?
69
Suppose -7238*j + 7252*j - 42 = 0. Let v = 4 - 1. Calculate the greatest common divisor of j and v.
3
Let q = 86 - 82. Let v be 14/q*(-11 + 25). Calculate the greatest common divisor of v and 7.
7
Suppose -5*h + h = -3*d, 0 = -3*h - 9. Let b be ((-1)/4)/(1/d). Let r be 46*b/2 - 3. Calculate the highest common factor of 50 and r.
10
Suppose -2*n = -5*n + 4*b + 49, -5*b - 5 = 0. Suppose -n*g = -10*g - 100. Let d = 18 + 12. Calculate the greatest common divisor of g and d.
10
Suppose 2*m - 7*o - 70 = 0, -2*o = -4*m - 8 + 124. What is the greatest common factor of 28 and m?
28
Let c = 12 + 0. Let h = 20 - c. Let f = -32 - -88. What is the highest common divisor of h and f?
8
Suppose -w + 173 = -91. Calculate the highest common divisor of w and 24.
24
Suppose -2*a + 1 = 3. Let s be 59/3 - a - 14/21. What is the greatest common divisor of 10 and s?
10
Let d(u) = -3*u - 10. Let p be d(-5). Suppose -p*x + 17 = -13. Suppose 0 = -0*m + 2*m - 60. What is the highest common divisor of m and x?
6
Suppose -f - 2*f = 0. Suppose 3*q - 2*q = f. Let v(r) = r**3 - r + 3. Let l be v(q). Calculate the greatest common divisor of 3 and l.
3
Suppose -653 = -4*x - 3*h, 0 = 2*x - 4*h + 76 - 386. Calculate the highest common divisor of 7 and x.
7
Suppose 3*x - 30 = 2*x - 3*g, -3*g + 54 = 2*x. Let s = -9 - -12. Suppose -s - 3 = -2*p. What is the highest common factor of x and p?
3
Let k = -15 + 19. Suppose u - 160 = -4*r + 3, k*u = 12. What is the highest common divisor of r and 10?
10
Suppose -4*c + 3*o - o + 32 = 0, -3*c = -4*o - 29. Suppose c*u = 272 - 69. What is the gr